2*m**2 - 103*m + 325. Determine x(-55).
-60
Let o(t) = 350*t + 46204. What is o(-132)?
4
Let k(q) = q**3 - 15*q**2 - 108*q + 161. Determine k(20).
1
Let g(o) = 358*o - 16377. Calculate g(46).
91
Let r(c) = 92*c - 1955. Give r(18).
-299
Let k(q) = 14*q - 174. Determine k(15).
36
Let c(u) = 2*u**2 - 71*u - 1205. Calculate c(-16).
443
Let p(l) = 128*l + 111. Give p(0).
111
Let p(c) = 9*c**3 - 6*c**2 - 6*c + 4. Calculate p(-2).
-80
Let g(i) = -2*i - 28. Give g(-20).
12
Let n(p) = 2*p**3 - 2*p**2 - 10*p + 9. What is n(-3)?
-33
Let p(n) = -1672*n + 1675. Calculate p(1).
3
Let x(z) = -z**2 - 12*z + 17. Determine x(-5).
52
Let q(i) = i**3 + 98*i**2 + 54*i + 5302. Determine q(-98).
10
Let l(f) = -44*f + 352. Calculate l(10).
-88
Let b(x) = -415*x - 8772. Give b(-21).
-57
Let h(i) = -i**2 - 63*i - 918. Calculate h(-31).
74
Let s(q) = q**2 - 721*q + 14030. Calculate s(20).
10
Let g(q) = -2*q**3 - 219*q**2 - 111*q - 65. Determine g(-109).
153
Let f(u) = -3*u**2 - 433*u - 7465. Give f(-20).
-5
Let o(u) = -7*u**2 + 68*u - 195. What is o(6)?
-39
Let b(z) = -130*z + 8719. Determine b(67).
9
Let m(g) = 330*g + 29708. Give m(-90).
8
Let f(p) = -3*p**3 - 37*p**2 - 111*p - 5. Determine f(-5).
0
Let j(y) = 30*y - 43. Determine j(-13).
-433
Let g(p) = -442*p - 5309. What is g(-12)?
-5
Let u(w) = 8*w + 271. What is u(-33)?
7
Let a(s) = 5*s**3 - 12*s**2 + 2*s + 6. Calculate a(3).
39
Let d(s) = 28*s - 1639. Give d(61).
69
Let r(t) = -9*t**2 + 97*t + 30. Give r(17).
-922
Let f(c) = -2*c**3 + 120*c**2 + 246*c + 122. What is f(62)?
-2
Let o(y) = -y**3 - y - 2. Give o(4).
-70
Let w(z) = -9*z**3 - 55*z**2 - 6. Determine w(-3).
-258
Let f(l) = 19*l**2 - 93*l - 17. What is f(5)?
-7
Let i(r) = -451*r - 439. What is i(-1)?
12
Let y(i) = -76*i - 437. What is y(-15)?
703
Let y(r) = 51*r - 2025. What is y(39)?
-36
Let a(f) = 189*f + 1672. Determine a(-9).
-29
Let m(c) = 313*c - 5577. Calculate m(18).
57
Let i(a) = -2*a**2 + 51*a - 147. What is i(3)?
-12
Let s(d) = 289*d + 12726. Give s(-44).
10
Let q(r) = -11524*r + 69137. Give q(6).
-7
Let g(j) = -3*j**2 - 123*j - 13. Give g(-41).
-13
Let t(g) = -g**2 - 23*g + 6. Give t(-22).
28
Let c(p) = -12*p + 648. Determine c(55).
-12
Let l(v) = 5*v**2 - 70*v - 49. What is l(15)?
26
Let y(o) = -2*o**3 + 10*o**2 - 31*o + 212. Give y(7).
-201
Let a(s) = -2*s**3 + 80*s**2 - 77*s - 3. Calculate a(39).
36
Let q(j) = 2*j**2 - 112*j - 119. Calculate q(57).
-5
Let m(f) = 174*f + 9. What is m(1)?
183
Let n(g) = 34*g + 4324. Give n(-127).
6
Let f(x) = 321*x + 3178. Determine f(-10).
-32
Let f(d) = 19*d**3 + 108*d - 107. What is f(1)?
20
Let k(h) = -h**3 + 4*h**2 - 15*h + 29. Give k(5).
-71
Let g(x) = 3*x**3 + 60*x**2 + 100*x - 142. What is g(-18)?
2
Let m(i) = i**3 - 35*i**2 + 43*i - 322. Determine m(34).
-16
Let u(r) = r**3 - 62*r**2 + 181*r - 225. Calculate u(59).
11
Let f(i) = -10*i**2 - 534*i + 895. Determine f(-55).
15
Let y(c) = c**3 + 29*c**2 + 119*c - 41. Give y(-24).
-17
Let g(y) = 5*y**3 + 330*y**2 - 999*y. Calculate g(3).
108
Let u(p) = -2*p + 13. What is u(-28)?
69
Let f(m) = 11*m + 2024. Give f(-180).
44
Let x(l) = -3006*l - 9015. Give x(-3).
3
Let c(f) = -f**2 + 2*f + 2643. Give c(54).
-165
Let d(c) = 138*c - 7873. What is d(57)?
-7
Let j(c) = 2*c + 12. Give j(-38).
-64
Let h(n) = 350*n + 375. Calculate h(-4).
-1025
Let p(t) = 145*t - 1604. What is p(11)?
-9
Let m(i) = -6*i**2 - 486*i - 437. Calculate m(-80).
43
Let k(t) = 166*t + 4495. What is k(-27)?
13
Let f(o) = -o**3 - 3*o**2 - 16*o - 20. What is f(-2)?
8
Let o(u) = -1297*u + 11687. Give o(9).
14
Let x(z) = 134*z - 2942. Calculate x(22).
6
Let y(f) = f**3 + 9*f**2 - 20*f - 20. Give y(2).
-16
Let h(m) = -34193*m - 68381. Give h(-2).
5
Let n(t) = -16*t - 16. Determine n(-1).
0
Let n(d) = d**2 + 111*d + 2264. Give n(-84).
-4
Let s(r) = 19*r - 3308. What is s(172)?
-40
Let l(z) = 3*z**2 + 9*z + 40. What is l(-9)?
202
Let q(n) = -10636*n + 21277. Calculate q(2).
5
Let a(d) = -5*d**2 - d + 45. Give a(-5).
-75
Let f(g) = 4*g**3 + 18*g**2 - 100*g + 28. Give f(3).
-2
Let a(s) = -s**2 + 2623*s - 33931. Give a(13).
-1
Let f(w) = -w**2 - 96*w + 4092. Give f(32).
-4
Let c(m) = -89*m**3 + 353*m**2 + m + 49. What is c(4)?
5
Let y(t) = -625*t - 23762. Determine y(-38).
-12
Let y(h) = -141*h - 294. Determine y(-3).
129
Let s(v) = v - 95. Determine s(26).
-69
Let d(z) = 33*z + 461. Give d(-16).
-67
Let r(b) = -b**2 + 22*b + 360. Determine r(26).
256
Let k(l) = -3*l**3 - 7*l**2 - 11*l - 19. Give k(-3).
32
Let v(i) = -3*i**2 + 26*i - 24. Calculate v(5).
31
Let o(j) = 6*j**2 - 14*j + 2. Determine o(4).
42
Let r(n) = -1773*n - 49. Calculate r(0).
-49
Let u(n) = n**2 - 15*n - 166. Determine u(25).
84
Let i(p) = -132*p - 2514. Calculate i(-19).
-6
Let g(z) = -2*z**3 - 29*z**2 + 19*z - 5. Determine g(-15).
-65
Let k(s) = 25*s - 7510. Calculate k(302).
40
Let i(n) = 9*n + 65. Give i(-6).
11
Let u(j) = 26*j - 416. Calculate u(16).
0
Let r(b) = b**2 - 86*b - 93. What is r(87)?
-6
Let h(p) = -p**2 + 13*p + 248. What is h(26)?
-90
Let l(j) = -j - 36. Calculate l(-1).
-35
Let c(o) = 2631*o + 7896. Give c(-3).
3
Let x(o) = -o**3 - 111*o**2 - 2*o - 148. What is x(-111)?
74
Let v(t) = -717*t + 1481. What is v(3)?
-670
Let i(v) = v**3 + 13*v**2 - 34*v + 11. Calculate i(-15).
71
Let a(j) = -215*j**2 + 2*j - 1. Give a(-1).
-218
Let q(b) = -b**2 + 48*b - 15. Give q(0).
-15
Let v(x) = x**2 - 15*x - 705. Give v(35).
-5
Let r(z) = -z**3 - 10*z**2 - 22*z - 2. What is r(-4)?
-10
Let n(a) = 30*a - 630. Determine n(22).
30
Let b(g) = -17*g**2 - 562*g - 16. What is b(-33)?
17
Let j(h) = 70*h - 157. Determine j(4).
123
Let b(t) = 2*t**3 + 55*t**2 + 19*t - 10. Give b(-27).
206
Let j(v) = 5*v**2 - 27*v - 233. Determine j(10).
-3
Let g(a) = 34*a - 2185. Give g(63).
-43
Let l(b) = -266*b - 745. Calculate l(0).
-745
Let t(g) = -g**2 + 1190*g + 4776. Calculate t(-4).
0
Let j(l) = 116*l + 1056. Determine j(-9).
12
Let s(v) = v**2 - 121*v + 1314. What is s(109)?
6
Let v(q) = -174*q + 4704. What is v(27)?
6
Let b(t) = -11*t**3 - 109*t**2 + 11*t + 2. Give b(-10).
-8
Let f(b) = 1366*b - 23374. Determine f(17).
-152
Let d(n) = -4*n + 17. What is d(-2)?
25
Let v(w) = w**3 - 56*w**2 - 54*w - 53. Calculate v(57).
118
Let h(g) = 170*g - 764. What is h(4)?
-84
Let f(v) = 5*v**3 - 537*v**2 + 214*v + 9. Calculate f(107).
9
Let r(a) = -13*a**2 - 89*a + 186. What is r(2)?
-44
Let w(h) = h**3 - 66*h**2 - 63*h - 245. Determine w(67).
23
Let z(b) = -986*b + 289888. Determine z(294).
4
Let f(p) = 3*p**2 + 53*p - 1. Calculate f(0).
-1
Let r(p) = p**3 - 25*p**2 - 12*p + 290. What is r(25)?
-10
Let v(x) = -60*x**2 + 721*x - 19. Give v(12).
-7
Let h(f) = f**2 + 50*f + 643. What is h(-23)?
22
Let y(t) = 3*t**3 - 25*t**2 + t + 30. Determine y(8).
-26
Let q(b) = -2*b**2 - 377*b - 16277. Give q(-67).
4
Let y(g) = 18*g**3 - 6*g**2 + 29*g - 43. What is y(2)?
135
Let p(t) = 315*t - 13240. Determine p(42).
-10
Let i(o) = -1304*o - 2601. Calculate i(-2).
7
Let n(g) = g**2 - 53*g + 272. What is n(24)?
-424
Let g(y) = 4*y**2 + 50*y - 9. Give g(-12).
-33
Let a(l) = l**2 + 20*l - 129. What is a(-22)?
-85
Let k(s) = -s**2 - 163*s + 1368. Determine k(8).
0
Let h(o) = 270*o - 529. Give h(2).
11
Let g(t) = -t**3 - 11*t**2 + 184*t + 607. Determine g(-19).
-1
Let y(z) = -830*z - 19082. Calculate y(-23).
8
Let y(c) = -31*c**2 - 21*c - 26. Calculate y(-2).
-108
Let g(o) = o**2 - 668*o + 3317. What is g(5)?
2
Let d(m) = -12*m**2 - 39*m + 38. Give d(1).
-13
Let m(o) = o**2 - 4*o - 886. Calculate m(-28).
10
Let h(a) = 8*a**2 + 11*a - 9. Determine h(-4).
75
Let v(o) = -o**2 + 24*o - 77. What is v(11)?
66
Let t(k) = -3*k**2 - 6610*k - 33036. What is t(-5)?
-61
Let b(s) = 36*s + 408. Give b(-8).
120
Let v(t) = -147*t + 592. What is v(4)?
4
Let d(u) = -180*u - 704. What is d(-4)?
16
Let o(f) = -f**2 + 26*f - 13. Calculate o(24).
35
Let s(z) = -6*z**2 - 6*z - 38. Determine s(-7).
-290
Let v(r) = r**3 + 175*r**2 + 299*r - 8138. Calculate v(-173).
-7
Let l(a) = 16*a**2 + a + 346. Determine l(0).
346
Let d(z) = -4*z - 20. Determine d(-16).
44
Let j(t) = t**3 + 22*t**2 + 19*t - 31. Give j(-21).
11
Let a(o) = -3*o**2 - 36*o - 10. Determine a(-12).
-10
Let f(y) = y**3 - 11*y**2 - 13*y + 8. What is f(12)?
-4
Let m(f) = -7*f**2 + 6*f - 15. What is m(0)?
-15
Let p(k) = -249*k - 2018. Dete